0
What is the units digit of 8783?
3
What is the units digit of 122562?
2
What is the thousands digit of 4210?
4
What is the units digit of 1723?
3
What is the thousands digit of 1181?
1
What is the units digit of 31361?
1
What is the tens digit of 14068?
6
What is the hundreds digit of 199?
1
What is the tens digit of 18919?
1
What is the units digit of 267?
7
What is the thousands digit of 61991?
1
What is the hundreds digit of 16395?
3
What is the hundreds digit of 3340?
3
What is the tens digit of 17989?
8
What is the hundreds digit of 23067?
0
What is the tens digit of 7791?
9
What is the thousands digit of 4283?
4
What is the thousands digit of 51033?
1
What is the units digit of 4224?
4
What is the tens digit of 241?
4
What is the tens digit of 644?
4
What is the ten thousands digit of 10610?
1
What is the units digit of 16682?
2
What is the hundreds digit of 514?
5
What is the hundreds digit of 25888?
8
What is the thousands digit of 7529?
7
What is the hundreds digit of 2220?
2
What is the hundreds digit of 488?
4
What is the tens digit of 2547?
4
What is the thousands digit of 2564?
2
What is the units digit of 12?
2
What is the thousands digit of 2751?
2
What is the ten thousands digit of 32426?
3
What is the thousands digit of 21461?
1
What is the tens digit of 1326?
2
What is the hundreds digit of 383?
3
What is the hundreds digit of 834?
8
What is the hundreds digit of 11916?
9
What is the thousands digit of 118974?
8
What is the tens digit of 1699?
9
What is the tens digit of 762?
6
What is the tens digit of 1809?
0
What is the hundreds digit of 10582?
5
What is the tens digit of 9891?
9
What is the ten thousands digit of 26522?
2
What is the tens digit of 2340?
4
What is the tens digit of 6142?
4
What is the tens digit of 166?
6
What is the hundreds digit of 47190?
1
What is the tens digit of 9257?
5
What is the tens digit of 4200?
0
What is the units digit of 13545?
5
What is the tens digit of 121?
2
What is the units digit of 5486?
6
What is the hundred thousands digit of 163233?
1
What is the hundreds digit of 1176?
1
What is the units digit of 21874?
4
What is the units digit of 1391?
1
What is the tens digit of 90735?
3
What is the units digit of 1671?
1
What is the thousands digit of 30103?
0
What is the thousands digit of 2927?
2
What is the tens digit of 4088?
8
What is the hundreds digit of 1612?
6
What is the hundreds digit of 1150?
1
What is the hundreds digit of 1970?
9
What is the units digit of 2084?
4
What is the hundreds digit of 5304?
3
What is the units digit of 59613?
3
What is the tens digit of 22541?
4
What is the hundreds digit of 71105?
1
What is the tens digit of 1133?
3
What is the thousands digit of 1530?
1
What is the units digit of 6690?
0
What is the thousands digit of 34621?
4
What is the ten thousands digit of 24836?
2
What is the ten thousands digit of 21192?
2
What is the hundreds digit of 991?
9
What is the units digit of 12453?
3
What is the hundreds digit of 14798?
7
What is the tens digit of 9530?
3
What is the hundreds digit of 9854?
8
What is the tens digit of 499?
9
What is the units digit of 1077?
7
What is the tens digit of 21653?
5
What is the thousands digit of 35954?
5
What is the tens digit of 12180?
8
What is the thousands digit of 7302?
7
What is the tens digit of 24411?
1
What is the hundreds digit of 7442?
4
What is the units digit of 598?
8
What is the units digit of 9257?
7
What is the thousands digit of 9052?
9
What is the thousands digit of 1584?
1
What is the units digit of 4158?
8
What is the tens digit of 133?
3
What is the units digit of 37078?
8
What is the thousands digit of 8429?
8
What is the hundreds digit of 28693?
6
What is the thousands digit of 2370?
2
What is the hundreds digit of 1766?
7
What is the hundreds digit of 1970?
9
What is the tens digit of 4115?
1
What is the hundreds digit of 23527?
5
What is the thousands digit of 144043?
4
What is the tens digit of 16422?
2
What is the units digit of 3304?
4
What is the thousands digit of 10276?
0
What is the tens digit of 2551?
5
What is the ten thousands digit of 13858?
1
What is the tens digit of 4738?
3
What is the hundreds digit of 4875?
8
What is the hundred thousands digit of 111106?
1
What is the hundreds digit of 458?
4
What is the thousands digit of 29920?
9
What is the hundreds digit of 40962?
9
What is the hundreds digit of 96251?
2
What is the units digit of 1172?
2
What is the units digit of 246?
6
What is the ten thousands digit of 36702?
3
What is the units digit of 255?
5
What is the tens digit of 3416?
1
What is the ten thousands digit of 14901?
1
What is the thousands digit of 7858?
7
What is the thousands digit of 4106?
4
What is the thousands digit of 5493?
5
What is the units digit of 20793?
3
What is the units digit of 12457?
7
What is the units digit of 4321?
1
What is the tens digit of 6087?
8
What is the units digit of 1810?
0
What is the units digit of 2372?
2
What is the hundreds digit of 515?
5
What is the ten thousands digit of 14219?
1
What is the units digit of 36?
6
What is the hundreds digit of 7487?
4
What is the units digit of 24033?
3
What is the units digit of 324?
4
What is the units digit of 48287?
7
What is the thousands digit of 76580?
6
What is the thousands digit of 134300?
4
What is the ten thousands digit of 20446?
2
What is the ten thousands digit of 154569?
5
What is the hundreds digit of 303?
3
What is the hundreds digit of 36124?
1
What is the hundreds digit of 5602?
6
What is the thousands digit of 71385?
1
What is the units digit of 4?
4
What is the hundreds digit of 1793?
7
What is the tens digit of 863?
6
What is the hundreds digit of 9917?
9
What is the hundreds digit of 5834?
8
What is the thousands digit of 16258?
6
What is the ten thousands digit of 22094?
2
What is the thousands digit of 1681?
1
What is the units digit of 1563?
3
What is the hundreds digit of 6467?
4
What is the tens digit of 72046?
4
What is the units digit of 6531?
1
What is the hundreds digit of 21786?
7
What is the ten thousands digit of 24332?
2
What is the thousands digit of 81073?
1
What is the thousands digit of 2301?
2
What is the thousands digit of 77294?
7
What is the tens digit of 12158?
5
What is the tens digit of 4607?
0
What is the tens digit of 455?
5
What is the tens digit of 111785?
8
What is the tens digit of 856?
5
What is the units digit of 1791?
1
What is the units digit of 190?
0
What is the tens digit of 5121?
2
What is the hundreds digit of 14740?
7
What is the units digit of 93?
3
What is the tens digit of 871?
7
What is the hundreds digit of 726?
7
What is the units digit of 5911?
1
What is the tens digit of 1345?
4
What is the tens digit of 651?
5
What is the tens digit of 4486?
8
What is the hundreds digit of 44520?
5
What is the tens digit of 5165?
6
What is the units digit of 7553?
3
What is the thousands digit of 2150?
2
What is the thousands digit of 5593?
5
What is the units digit of 63107?
7
What is the tens digit of 7143?
4
What is the units digit of 29419?
9
What is the hundreds digit of 3696?
6
What is the thousands digit of 1601?
1
What is the tens digit of 24714?
1
What is the tens digit of 27063?
6
What is the ten thousands digit of 12973?
1
What is the hundreds digit of 589?
5
What is the tens digit of 723?
2
What is the thousands digit of 2498?
2
What is the tens digit of 357?
5
What is the ten thousands digit of 30640?
3
What is the units digit of 512?
2
What is the thousands digit of 2059?
2
What is the ten thousands digit of 103808?
0
What is the tens digit of 543?
4
What is the thousands digit of 5905?
5
What is the hundreds digit of 6976?
9
What is the thousands digit of 3529?
3
What is the hundreds digit of 11890?
8
What is the tens digit of 49963?
6
What is the units digit of 144915?
5
What is the units digit of 1852?
2
What is the hundreds digit of 41189?
1
What is the units digit of 12593?
3
What is the units digit of 11900?
0
What is the units digit of 533?
3
What is the tens digit of 68673?
7
What is the tens digit of 7949?
4
What is the tens digit of 3092?
9
What is the hundreds digit of 22212?
2
What is the hundreds digit of 64589?
5
What is the thousands digit of 11123?
1
What is the tens digit of 3227?
2
What is the units digi